by 3?
1
Let k(d) = -23*d - 96. Calculate the remainder when 173 is divided by k(-5).
2
Let d = 1301 + -1255. What is the remainder when 91 is divided by d?
45
Suppose -4*x - x + 135 = 5*l, 0 = -5*x + 2*l + 128. Suppose x = -d + 41. Calculate the remainder when 58 is divided by d.
13
Let r(b) = b**3 + 22*b**2 - 176*b + 9. What is the remainder when r(-28) is divided by 5?
3
Let g(b) = -b**3 + 8*b**2 - 7*b + 1. What is the remainder when g(5) is divided by 5?
1
Suppose 140 = 2*x + 5*r - 186, x + 3*r - 165 = 0. Calculate the remainder when x is divided by ((-369)/(-27) + 2/6)/1.
13
Suppose -3*s = 3*k, 2*k - 3*s = 6*k - 4. Let o be (-1)/(k/(-324)*-1). Calculate the remainder when (-3 + 2 - o) + -1 is divided by 27.
25
Let d = 841 + -739. Calculate the remainder when d is divided by 13.
11
Let n(v) = -v**3 - 9*v**2 - v - 3. Let k be 3*(-1 + 33/3). Suppose -7*w + 2*w + 5*l = 60, 0 = -3*w + l - k. Calculate the remainder when 9 is divided by n(w).
3
Let x be 6/(-132)*-4 + 854/22. Suppose -x = -2*i + 2*v + 11, -i + 25 = -3*v. Calculate the remainder when 73 is divided by i.
23
Let q = 237 + -96. Suppose 195 + q = 8*t. Suppose 5*d - 2*x - 41 = 0, x - 38 = -3*d - d. What is the remainder when t is divided by d?
6
Let r be ((-1)/(-3))/((-2)/(-174)). Let h = -18 + r. Suppose 132 = 29*i + 4*i. What is the remainder when h is divided by i?
3
Suppose 0 = 3*b - 19 - 35. Calculate the remainder when -5 + 0 + ((-1270)/(-10) - 15) is divided by b.
17
Let j = 27 + -19. Suppose 0 = -3*n - 7 - j. Let t(u) = -u**3 - 3*u**2 + 6*u - 6. What is the remainder when 40 is divided by t(n)?
12
Suppose 0 = n + 3*c - 0 - 7, 5*n + 4*c - 68 = 0. What is the remainder when 55 is divided by n?
7
Let r = 0 - -12. Let m(p) be the first derivative of -5*p**4/4 - p**3 - 3*p**2/2 - 4. What is the remainder when m(-2) is divided by r?
10
Calculate the remainder when (-39)/(-26)*(-54)/(-3) is divided by 8.
3
Let z(a) = a**2 - 5*a + 7*a - 2*a**2. Let c be z(-5). Let d = c - -54. Calculate the remainder when d is divided by 5.
4
Suppose 9*a = 4*a + k + 618, 0 = -3*a - k + 374. What is the remainder when a is divided by 42?
40
Let o = -4111 - -4274. What is the remainder when o is divided by (33/4)/((-2)/(-8))?
31
Suppose 0*b + 2*b - 96 = 0. Suppose 0 = -2*k + 8*k - 42. Calculate the remainder when b is divided by k.
6
Suppose c - 2 = -t - 0, 5*t + 25 = 2*c. Suppose 41 = 3*k + c. Suppose 0 = 4*u - 32 - k. Calculate the remainder when 43 is divided by u.
10
Let u be -1 - 30/(-36) - 2/(-12). Let x = u - -56. Calculate the remainder when x is divided by 30.
26
Let v(i) = i**3 - 26*i**2 - 14*i - 239. What is the remainder when 444 is divided by v(27)?
108
Suppose -5*w = -2*v - 18, 5*v + 4*w - 6 = 8*v. Let r be (9/(-2))/((-2)/4). Let h = r + -6. What is the remainder when v is divided by h?
0
Suppose -9*v = -15*v + 300. What is the remainder when v is divided by 17?
16
Let z(v) = -2*v**3 + 3*v + 3. Let b = 123 - 43. Let n = -57 + b. Calculate the remainder when n is divided by z(-2).
10
Let r = 14 + -9. Suppose 2*l = l + r. Suppose -l*c + 14 - 49 = -5*d, 0 = 4*d - 3*c - 26. Calculate the remainder when 12 is divided by d.
2
Suppose -5 = -3*a + 4. Let i(q) = 5*q**2 - 2*q + 1. Let j be -6*1/2 + 4. What is the remainder when i(j) is divided by a?
1
Suppose -4*l + 2 = -22. Suppose -18*o = -l*o - 516. Let y(x) = 21*x + 1. What is the remainder when o is divided by y(1)?
21
Let u = -11 - -65. Let h = -33 + u. What is the remainder when 41 is divided by h?
20
Suppose 5*u + 153 = 803. What is the remainder when u is divided by ((-39)/39 - (0 + -34)) + 0?
31
Let c(v) = v - 18 - 11 + 28 + 10*v**3 - v**2. What is the remainder when c(2) is divided by 16?
13
Let g = 190 - 13. Calculate the remainder when g is divided by 9.
6
Let u(k) = 7*k**3 + k**2 + 2*k + 2. Let o be u(-1). Let g = o - -47. Suppose -1 - 7 = 4*b, -3*b = -4*i + 34. Calculate the remainder when g is divided by i.
6
Suppose -5*t = -2*i + 32, 4*t + 0*t + 52 = 4*i. Let c = i + -9. Suppose 0*k - 56 = -c*a + k, 3*k + 6 = 0. What is the remainder when 107 is divided by a?
26
Let c(g) = 2*g**2 + 2. Let a(s) = s**2 + 7*s - 15. Let h be a(-9). Let k = 97 + -19. What is the remainder when k is divided by c(h)?
18
Suppose -51 = 5*b - 3*y - 16, 0 = -4*y + 20. Let p = 31 + b. Calculate the remainder when p is divided by 7.
6
Let i(b) be the third derivative of -b**4/24 - 19*b**3/6 - 14*b**2. Calculate the remainder when 4 is divided by i(-20).
0
Let a(q) = 3*q + 3. Let k be a(-5). Let r = 4 - 7. What is the remainder when 33 is divided by ((-81)/k)/r*-8?
15
Let p(m) = 6*m**2 - 10*m - 17. Calculate the remainder when p(-8) is divided by 30.
27
Suppose -2*k + f + 15 = 0, 4*k - 5*f - 35 = 4. Calculate the remainder when 9 is divided by k.
3
Suppose 4*w - 44 = -j + 6*j, -4*w = 4*j - 80. Calculate the remainder when 117 is divided by w.
5
Let y(w) = -w**3 - 3*w**2 + 8*w + 7. Let l(m) = -23*m. Let a be l(-3). Calculate the remainder when y(-6) is divided by ((-18)/54)/((-1)/a).
21
Let p(d) = d**3 - 8*d**2 + 14*d + 7. Let j be p(5). Suppose j*w + 6 = 62. What is the remainder when w is divided by 15?
13
Suppose 5*u + 13 - 58 = 0. Let o(r) = r + 8. What is the remainder when 65 is divided by o(u)?
14
Let t = 80 - -17. Let j = -57 + t. Suppose -6*k - 4*k + 140 = 0. Calculate the remainder when j is divided by k.
12
Suppose s + 108 = -x + 31, -5*s - 385 = -x. Let u = s + 79. What is the remainder when 4 is divided by u?
0
Let x = 529 + -329. Suppose x - 18 = 7*s. What is the remainder when s is divided by 14?
12
Let m(y) = 28*y + 103. What is the remainder when m(7) is divided by 60?
59
Suppose -8 = 2*u + 2*t, -3*u - t - 6 = 4. Suppose 4*f + 4 = -4*r + 8, 3*f = 3*r - 21. What is the remainder when 28 is divided by ((-9)/u)/(f/(-10))?
8
Suppose -8*c + 137 = -87. Calculate the remainder when 389 is divided by c.
25
Let b(z) = 26*z**2 + 7*z - 1. What is the remainder when b(-3) is divided by 72?
68
Suppose -105*o - 703 = -124*o. What is the remainder when 52 is divided by o?
15
Suppose 0 = -n + l + 25, 44 = 5*n + 2*l - 109. Let z = n + -18. What is the remainder when 30 is divided by z?
8
Suppose -4*l + 3 + 25 = 0. Let m = 203 + -107. Suppose -m = -l*u + 100. Calculate the remainder when u is divided by 5.
3
Suppose 0 = -2*v - 2*v - 8. Let t(d) = -d**3 - d**2 - 4*d - 3. Let c = 99 + -82. Calculate the remainder when c is divided by t(v).
8
Suppose 44 = t + 6*j - 2*j, -220 = -5*t + 3*j. Suppose -18 = -a + t. What is the remainder when a is divided by 13?
10
Suppose -3*y + x + 31 = 0, -3*y + 6*y - 5*x - 35 = 0. Calculate the remainder when 4*((-92)/(-16) - 3)*y is divided by 14.
12
Let r = -1541 + 1560. Suppose 4*z + 150 = 2*j, -j + 34 = -3*z - 42. What is the remainder when j is divided by r?
16
Let d(v) = -2*v**3 - 60*v**2 - 26*v + 233. What is the remainder when d(-30) is divided by 35?
33
Let r(b) = 11*b + 380. Suppose 3*d = -3*h + 75, 2*h = d - 4*d + 54. Calculate the remainder when r(-27) is divided by h.
20
Suppose -3*g + 90 - 11 = -2*k, 0 = -4*g + 2*k + 104. Calculate the remainder when 30 is divided by g.
5
Let f(y) = -2*y + 3. Let a be f(4). Let r = 72 - 59. Let n = r + a. What is the remainder when 22 is divided by n?
6
Let s(y) be the first derivative of -y**4/4 - 2*y**3 - 3*y**2 - 13*y - 15. What is the remainder when 41 is divided by s(-6)?
18
Let t be 10 + -8 + (-1 - 1). Suppose -2*m + 6*m - 80 = t. Suppose 0 = -4*a + 4*d + 44, -5*d = 4*a - 24 - m. Calculate the remainder when a is divided by 7.
4
Let s be 5*52*6/15. Suppose 0 = -4*j - 0*j + s. Let y(r) = 3*r**2 + r. Calculate the remainder when y(-6) is divided by j.
24
Let k(x) = x - 2. Let b be k(5). Suppose -2*u - 4 = -b*j - 0*u, 2*u = -4. Suppose j = -3*l - 2*l + 155. Calculate the remainder when 123 is divided by l.
30
Let k be ((-1)/(-4))/((-1)/(-12)). Suppose 17 = -k*g + 2. Let r = g + 11. Calculate the remainder when 17 is divided by r.
5
Let u(j) = -37*j + 28. What is the remainder when u(-2) is divided by 27?
21
Suppose 5*w + l = 98, 33*l = -2*w + 30*l + 47. What is the remainder when 1386 is divided by w?
18
Let o be (-102)/18 - -5 - (-2)/3. Suppose o = -3*k - 2*k + 25. Suppose 5*j - x - 87 = 0, j - 2*x - 15 = -x. Calculate the remainder when j is divided by k.
3
Suppose 5*c - 2*u = -u 